 = -24*v + 5153369, -5*o + 3*v = -5153378. Is o prime?
True
Suppose -74675 = -13*a + 3052. Let h = a + 824. Is h a composite number?
False
Let s(k) = -6*k - 19. Let u be s(-6). Let t(l) = 2*l**2 + 21*l + 58. Is t(u) a composite number?
True
Suppose -4*a = m + 2*m - 79, 12 = -4*m. Let d = a + -20. Is 782 - (1 + d - -1) a composite number?
True
Let s(f) = 3715*f - 2. Let r be s(1). Let z = r + -2076. Is z a prime number?
True
Is -1 - (-4586 + -9) - 11 a composite number?
False
Is 15/9*(279247 - -206) prime?
False
Suppose -3*z - 6 = -3*s + 12, 2*z = 4*s - 30. Suppose 1 = 2*i - s. Let k = i + 536. Is k prime?
True
Suppose 3*i + 0*i + i = 0. Let c be 2640 + 1 - ((1 - i) + 3). Suppose 8*y = -y + c. Is y a prime number?
True
Suppose -54 = 3*u - 69. Is (23712/18 - u)*3 a composite number?
True
Suppose 3*d + 508262 = -3*d + 2479328. Is d a prime number?
True
Let g(f) = -f**2 - 24*f + 14. Suppose m - 1 - 4 = n, 0 = 5*n + m + 7. Let q be (-4)/(-6)*(-1 - (-49)/n). Is g(q) prime?
False
Is 2066536/(-6)*((-1)/(-3))/(1240/(-2790)) composite?
False
Is 8*1 - (-13005795)/(-132)*-4 a composite number?
False
Let l(s) = 1051*s**2 + 62*s + 25. Is l(-6) a prime number?
True
Suppose -484329 = -3*j + 5*k, 498*j - 4*k = 496*j + 322882. Is j prime?
True
Let q(f) = 4581*f**2 - 3*f - 1. Suppose -4*b = 5*a - 8, -b - 2*b = -3*a - 6. Let g be (-4)/(-6)*(a + 3/(-2)). Is q(g) prime?
True
Suppose -3*m + 2*b + 10738 + 6048 = 0, -b - 5595 = -m. Suppose -3*d = -5*o + 5, -4*d + 3*o = -7 - 1. Suppose d*n = 9*n - m. Is n composite?
False
Suppose -4*o = 7*o - o - 155770. Is o a composite number?
True
Let p(z) = -44941*z + 709. Is p(-4) a composite number?
False
Let g(d) = 211*d**2 + 36*d - 218. Is g(9) composite?
True
Suppose -3*k + 205*c + 367143 = 208*c, -2*c = -4*k + 489560. Is k a composite number?
False
Let y(z) be the third derivative of 89*z**4/12 - z**3/6 + 7*z**2. Suppose a = -c + 7, -a + 3*c + 27 = 8*c. Is y(a) a composite number?
True
Suppose -5292 = -d + 3*m + 8978, -3*m + 57065 = 4*d. Is d prime?
False
Suppose 4*z - 595 = -5*c, -446 = -3*z - 0*z - 4*c. Let w be (-5 + z/12)/(3/(-8)). Is (w/(-8) - 2)*(761 - 3) composite?
False
Let g(x) = -1261*x + 464. Is g(-27) composite?
False
Let d(n) = -18155*n - 317. Is d(-12) composite?
True
Let w = 849 - 5915. Let t = w - -8455. Is t a composite number?
False
Let l be (20/50)/((-13)/5)*-13. Is 68570/10 - (-4 - l) prime?
True
Let w(u) be the second derivative of -6*u**3 - 23/2*u**2 + 15*u + 0. Is w(-11) composite?
False
Suppose 2*z + 3*i = 734, -5*i + 736 = 2*z - 3*i. Suppose -71*k + 68*k = 753. Let o = z + k. Is o a prime number?
False
Suppose 4*j - 465409 = 5*h, -11*h = 4*j - 13*h - 465406. Is j a composite number?
False
Let n(c) = 27258*c - 5297. Is n(12) composite?
False
Suppose 5*x = -5, 15*c - 206617 = 20*c - 3*x. Let p = c - -70459. Is p composite?
True
Suppose -8791 - 9793 = 2*d. Let n = 20093 + d. Is n prime?
False
Let c = 5 - -5. Suppose -1690*y = -1711*y + 231. Suppose -y*k + 1759 = -c*k. Is k composite?
False
Let d(o) = o**3 - 3*o - 3. Let w be d(4). Let a = 51 - w. Suppose -4*l - 4*b = -312, a*b + 18 = -3*l + 257. Is l composite?
False
Let v be 4/(-2 + 1 + 2). Is v*((-27054)/(-8) + -7) a prime number?
True
Let w be ((-3202)/(-2) + 2)*300/1050. Let v = 196 + -140. Suppose 3*g = -v + w. Is g a composite number?
True
Suppose 5*c - 15 = -5. Suppose d - 3*w - 1342 = -0*w, -c*w = 2*d - 2652. Let g = d + -859. Is g a composite number?
True
Let p(b) = 2*b**3 - 11*b**2 - 11*b - 51. Let v be p(18). Let l = v - 3988. Is l prime?
True
Let c be (14/(-21))/((-2)/27). Suppose -4*m + 5*v = -c*m + 6975, -1411 = -m - 5*v. Is m a prime number?
False
Suppose -4*u = 3*s + 2*s, -s = -u. Suppose -3*g + j + 10534 = 0, g - j = -s*j + 3508. Is g composite?
True
Let o(f) = 1971*f**2 - 67*f - 423. Is o(-8) a composite number?
False
Let k be 2*3/(-4)*-2. Let o be (-4)/(12/345)*(-1 - (7 - -9)). Suppose 5*m + o = 5*j, -j = -k*m - 0*m - 395. Is j a composite number?
False
Is 176005/(0 - -6 - (20 - (1 + 14))) prime?
False
Let u = 40067 + 9426. Is u prime?
False
Let v = -5878 + 9941. Is v prime?
False
Suppose 0*p - 5*p + 312075 = 5*d, 5*d - 124824 = -2*p. Suppose 0 = -27*a - 2018 + p. Is a composite?
False
Is 6/51 + 149039589/629 prime?
True
Let l be ((-3474)/(-30))/(15/175). Suppose 0*q - q + l = 0. Is q a prime number?
False
Let y be 2/6*-7*(-6)/2. Suppose 0 = -2*j + j + y. Is (-1886)/2*(j + -8) a prime number?
False
Let w(z) = 27*z + 22. Suppose -5*n + 2*n + 2*f - 10 = 0, 20 = 4*f. Suppose 3*u = -2*l + 19, n = -2*u - 0*u - 4*l + 10. Is w(u) prime?
True
Let i(l) = -l**2 + l + 23. Let o be i(0). Suppose 0 = -o*m + 18*m + 8890. Let g = m - 913. Is g composite?
True
Let k(t) = 5*t**2 + 13*t - 17. Suppose -5*s - 42 = -y, -2*s - 21 = s - 2*y. Is k(s) a composite number?
False
Let j = 2954 - 456. Is j a composite number?
True
Suppose 12 = -7*q + 47. Let l(a) = 4*a + 3. Let c be l(0). Suppose q*b = k - 1045 - 1151, -3*b + 6678 = c*k. Is k a composite number?
False
Let z(g) be the second derivative of 115*g**6/144 - g**5/120 + 5*g**4/12 + 17*g. Let q(r) be the third derivative of z(r). Is q(10) a composite number?
False
Let y(v) = 1074*v - 45. Let i(o) = 3227*o - 135. Let j(a) = 4*i(a) - 11*y(a). Is j(7) a prime number?
False
Suppose -126 = -5*i + 2054. Let h be -6 + 5 + 1 + i. Suppose 79 = u - h. Is u a composite number?
True
Suppose 0 = -3*s + 267*w - 272*w + 46503, 3*s - w = 46539. Is s a prime number?
True
Is (-3)/7*(-2493190)/15 composite?
True
Let t(w) = 1241*w**3 + 7*w**2 - 63*w - 7. Is t(6) composite?
True
Let u be (-1)/((-4 + 8)/(-12)). Is (6/(-18)*u)/(1/(-3205)) a prime number?
False
Suppose -16*g - 22216788 = -124*g. Is g prime?
False
Let f be -5 + (-81126 - (-4)/(-1)). Let i be (f/10)/((-4)/(-16)). Is -3 - (i/24 + (-2)/(-8)) a prime number?
False
Suppose -o = 4*g - 45955, 6*o - o + 11473 = g. Let k = 17467 - g. Is k composite?
True
Suppose -4*b - 5*f = -384466, 0 = -451*b + 452*b + 3*f - 96127. Is b prime?
False
Suppose 50*d + 126 = 51*d. Let g = d + -118. Suppose -1979 = -g*m + 629. Is m a composite number?
True
Let z be (-4)/6*(2 - 12 - 2). Suppose -z*j + 6*j = -48. Suppose -5*c + 209 = j. Is c a composite number?
False
Suppose 49*x + 35063754 = 90*x + 25*x. Is x prime?
False
Let s = -2724 + 20191. Is s a composite number?
False
Let q be (2/(-2))/(27/(-135)). Suppose -q*l + 5369 = 8*l. Is l a prime number?
False
Suppose 3*q + 2*z - z + 4600 = 0, 4*q + 5*z = -6126. Let g(f) = 60*f + 4. Let a be g(-2). Let s = a - q. Is s prime?
False
Let r be -1829 - (45/55 + (-4)/(-22)). Let o = -293 - r. Is o prime?
False
Let w = -101 - -105. Suppose 3*a + 0*x - 3 = 3*x, -4 = w*x. Suppose -2*h - 28 + 142 = a. Is h a composite number?
True
Let s(q) = 7*q**3 + 703*q**2 + 156*q - 215. Is s(-94) a composite number?
True
Suppose 0*y = 2*c - 3*y - 8, 0 = c + 5*y + 22. Let w be (-1)/(33/(-15) - c). Suppose 3*q - w*u = 10134, 0 = 3*u - 6 - 3. Is q a composite number?
True
Let x = -673 + 674. Is x/6 + 2498650/300 a composite number?
False
Let q = 35 + 52. Let h = q + -41. Suppose 0 = 4*u - 1050 - h. Is u prime?
False
Is (2 - 7 - 0) + 21314496/28 a prime number?
True
Let r = 5313 - 3604. Is r a prime number?
True
Suppose -10*z + 588330 - 55040 = 0. Is z a composite number?
True
Let r(y) = 1565*y**3 + 3*y**2 + 13*y - 3. Is r(6) composite?
True
Is (2059085/(-28))/((-25)/20) composite?
False
Let o = 11 - -15. Suppose -21*d = -o*d. Suppose d = l - 6*l + 285. Is l composite?
True
Let d be (-30)/4*(-6 - (-20)/(-3)). Suppose -37143 = 86*r - d*r. Is r a prime number?
True
Let p be ((-6)/(-1))/(45/30) + 5076. Let h = p - 2721. Is h a composite number?
True
Let c be -2*(-76)/(-16)*(19 - -3). Let r = 240 - c. Is r a composite number?
False
Suppose 0 = 2*h + i - 1862393, -9*h - 5*i = -13*h + 3724765. Is h a composite number?
True
Let h(c) = 2*c**3 - 5*c**2 - 4*c + 1. Let r(o) = o**3 - o**2 + o. Let n(j) = h(j) - 3*r(j). Is n(-9) a composite number?
False
Suppose -378 - 66 = -6*t. Is (-11973)/(-5) + t/185 a composite number?
True
Let j be (4/3)/(6/18). Let w = j - 1. Suppose h + 368 = 3*s, s + w*h - 47 = 59. Is s a prime number?
False
Let i(c) = -1277*c - 5. Let v be -2 - (36/15 - (-12)/20). Let x(f) = 2554*f + 10. Let w(q) = v*i(q) - 2*x(q). Is w(2) prime?
False
Let u(g) = -2*g - 